i + 10. Determine k(q).
-2
Let h(j) = 2 - 136*j - 136*j - 129*j - 125*j + 510*j. Determine h(3).
-46
Let q(a) be the first derivative of -6*a**2 + a + 53. Give q(3).
-35
Suppose 4*c - 35 = -q, 2*q - q = 4*c + 11. Suppose 2*z - 5*l = -q, -5*l = -z - 3*z - 21. Let f(v) = 7*v**2 - v. Give f(z).
6
Let j(r) = r**2 - 4*r + 5. Let v be ((-616)/(-49) + -12)*(-42)/(-4). Calculate j(v).
17
Suppose 96*d = 90*d - 18. Let y(p) = -3*p**2 + 2*p - 3. Determine y(d).
-36
Let a(f) = f**3 - f**2 - 2*f - 4. Let w = 942 + -939. Calculate a(w).
8
Let l(z) be the third derivative of 7*z**4/8 + z**3/6 - 239*z**2. Determine l(-1).
-20
Let w(m) be the second derivative of m**4/12 - m**2 + m. Let c(o) = o + 16. Let x be 2*14/4*-2. Let y be c(x). Calculate w(y).
2
Let w(y) = y**2 + 13*y - 11. Let z be w(-14). Let p(b) = 11 - 7 - 5*b - 5. What is p(z)?
-16
Suppose 17*k - 289 = -0*k. Let g(y) = y**2 - 19*y + 16. Calculate g(k).
-18
Let o(k) = -k**3 - 7*k**2 + k + 8. Let c be o(-7). Let m(i) be the first derivative of 4*i**3 + i - 104. Determine m(c).
13
Let r(f) = f**3 - 5*f**2 + 3*f. Let x be 2/(3*2/21). Suppose 18 = 5*j - 2. Suppose x = j*k - 9. Determine r(k).
-4
Let g = -45 + 45. Let p(v) = g*v**2 + 4 + 2*v - v - v**2 + 0*v**2. Determine p(4).
-8
Suppose -2*s + 26 = -3*s. Let n = s - -27. Let c(a) = n - a + a**3 - 2 + 2. Give c(1).
1
Let v(h) be the third derivative of 24*h**2 + 1/30*h**5 + 0 - 1/6*h**4 - 2/3*h**3 + 0*h. What is v(-3)?
26
Suppose -j - 5*o + 10 + 3 = 0, 5*j = -o + 41. Let i(w) = 15 + 16*w + 13*w - 30*w. Calculate i(j).
7
Let z = 54 + -59. Let s be z/15*1*9. Let t(p) = -4*p + 3. Give t(s).
15
Let u = 6 - 4. Suppose u*s - 12 = -4*s. Suppose s*v - 5 = 5*q + v, 5*q + 4*v = -30. Let d(p) = p**3 - p**2 - 2*p + 1. Determine d(q).
-7
Let y(c) = c**3 - 9*c**2 - 8*c - 8. Let j be y(10). Let z(d) = 16*d - 38*d + j*d. Determine z(-1).
10
Let p(u) be the third derivative of u**6/120 + u**5/12 + u**4/8 - u**3/3 + 3*u**2. Let y be p(-4). Let v(g) = g - 4*g - 4 + 3. Determine v(y).
-7
Let o(s) be the second derivative of -s**6/120 + s**5/15 - s**4/24 + s**3/2 - 3*s**2 + 8*s. Let t(y) be the first derivative of o(y). Calculate t(4).
-1
Let h = 4 + 1. Suppose -3*x = 5*d + 25, -5*x - 2*d + 6 = 16. Let w(m) = -4 - 6*m + x*m + 3*m + m**2. What is w(h)?
6
Let k(w) = -3*w + 2. Let m = -15 + 15. Suppose m*q = 2*q + 10, 3*v - 4*q = -4. Let o = -6 - v. Calculate k(o).
-4
Let h(j) = 2*j**3 - 5*j**2 - 3*j + 5. Let o be h(2). Let z(s) = -s**3 - 4*s**2 + 5*s - 10. Calculate z(o).
-10
Let n(w) = 3*w**2 - 1. Suppose 2*v - 26 = -3*r, -4*v - 15 + 59 = 4*r. Suppose -135 + 115 = -4*d. Suppose v = 2*k + d. Give n(k).
2
Let p(h) = -3*h**3 - 2*h**2 - h. Suppose -5*x - 43 = -4*m, 2*m - 32 - 22 = -4*x. Let o = m + -4. Let s = 12 - o. Determine p(s).
2
Let w(x) = x**3 - x**2 - 1. Let y be w(2). Let m(q) = 2*q**2 - q + 1. Let u be m(1). Let f(a) = -53 + 57 - a**u + a + 0*a**2. What is f(y)?
-2
Let w(u) = -3*u**2 - 3*u - 55. Let j(s) = -17*s**2 - 16*s - 279. Let l(z) = 2*j(z) - 11*w(z). Determine l(0).
47
Let c be (-16)/(-10) + 441/315. Let a(k) = 2*k**2 + k + 4. Determine a(c).
25
Let u(d) = d**2 - 5*d + 6. Suppose -4*c - 60 = -z - 2*z, 2*z = -c + 51. Let l be (152/24)/(2/(-6)). Let p = z + l. Calculate u(p).
6
Let v(i) = i + 15. Let y be 0 + 9 + -67 + 52. Give v(y).
9
Let g(b) = -b**2 - 5*b + 1. Let y(v) be the third derivative of 0*v**3 + 1/24*v**4 - 2*v**2 + 0 + 0*v. Let n(x) = g(x) + 4*y(x). What is n(3)?
-11
Let s(x) be the second derivative of x**5/20 - 2*x**4/3 + x**3/3 + 19*x**2/2 + 46*x - 3. Give s(8).
35
Let f(g) = 2*g - 4. Let o = 14 - 12. Let x be (24/(-2))/((-4)/o). Give f(x).
8
Let r = -103 - -103. Let y(w) = -4*w**3 - w**2 - 5*w + 9. Let m(q) = -3*q**3 - q**2 - 4*q + 8. Let j(o) = 5*m(o) - 4*y(o). Give j(r).
4
Let v(u) = 3 + 4 - u + 0*u - 1. Let z = -1062 + 1067. Determine v(z).
1
Let b(i) = 0*i + 9 + 0*i + 2*i + i**2 + 3*i. Let p(x) = -23*x - 397. Let f be p(-17). Determine b(f).
15
Let l be 192/(-16) + -1 + 1 + 2. Let a(o) = o**2 + 11*o + 17. Determine a(l).
7
Let w(o) = 7*o**2 - o - 1. Suppose -2*x = -2*z, 4*x + 3*z - 6 = 8. Determine w(x).
25
Let w(n) = -n**3 + n**2 - n - 9. Suppose -b + 5*q - 26 = 0, 4*b + q = 3*b + 4. Let u be (0/(-4))/((0 + b)*2). Determine w(u).
-9
Let b(p) = -5*p**2 - 5*p - 12. Let z(a) = 9*a**2 + 9*a + 23. Let v be (-12)/(-6) + 0 + -1. Let n be -9 - v/2*-4. Let j(m) = n*b(m) - 4*z(m). Calculate j(0).
-8
Let g(w) = 11*w**3 - 29*w**2 + 11*w + 8. Let o(q) = -18*q**3 + 46*q**2 - 17*q - 12. Let u(l) = -8*g(l) - 5*o(l). What is u(-1)?
-1
Let i(l) = l**3 - 5*l**2 + 3*l**2 + 0*l**3 + 3 - 4*l + 7*l**2. Suppose -2*j = -3*j - 4*y + 10, 0 = 4*j - 5*y + 44. What is i(j)?
-9
Let y(s) = 19*s + 13. Let t(b) = 9*b + 6. Let w(a) = 5*t(a) - 2*y(a). Let o(x) = 15*x + 8. Let j(c) = 6*o(c) - 13*w(c). Determine j(-6).
2
Let l(c) = -c**3 + 7*c**2 - 2*c + 3. Let m(z) = 3*z**3 - 15*z**2 + 5*z - 7. Let o(a) = -5*l(a) - 2*m(a). Let x be ((-21)/4 - (1 - 5))*4. Determine o(x).
-1
Let c(d) = -d**2 - 9*d - 2. Let n(q) = q**3 - 6*q**2 - 3*q + 41. Let b be n(6). Suppose j - 4*y = -2*j - b, -2*y = -3*j - 25. Determine c(j).
-2
Let c = -9 - -8. Let h be (5 - -1) + c - -1. Suppose h*s = s - 5. Let p(i) = -3*i + 1. Calculate p(s).
4
Let h = -10 - -17. Suppose -5 + 13 = -v. Let x = v + h. Let b(n) = n**3 - n. What is b(x)?
0
Let l(j) = j**3 + 19*j**2 + j + 22. Let v be ((-456)/(-36))/((-14)/21). Give l(v).
3
Suppose 0*n + 20 = 5*n. Suppose 2*m = 4*m - 282. Let s(g) = -g - m + 141. What is s(n)?
-4
Let l(b) = 7*b**3 + 2*b**2 + 2*b + 5. Suppose 4*y + 2 = -22. Let t(o) = -15*o**3 - 5*o**2 - 4*o - 11. Let a(m) = y*t(m) - 13*l(m). Give a(4).
-7
Let i(a) = 4*a + 1. Let g = -9 - 0. Let l = g + 10. Give i(l).
5
Let z(s) = s**2 + 3*s + 3. Let j = -36 - -25. Let t = j - -16. Suppose -6 = -t*c + 7*c. Calculate z(c).
3
Let z(y) be the third derivative of -y**6/120 - y**5/5 - 11*y**4/24 - y**3 - 79*y**2 + y. Calculate z(-11).
-6
Let n = -773 - -769. Let v(a) = -a**2 - 4*a - 5. Calculate v(n).
-5
Let b(k) = -k - 57*k**2 - 11*k - 55*k**2 + 111*k**2 - 11. Calculate b(-9).
16
Let i(a) = -a**3 + 4*a**2 + 10*a - 9. Suppose 67 = -2*q + 71. Suppose 2*w + q*w = 24. Determine i(w).
-21
Let d(z) be the third derivative of z**6/120 - z**5/15 + z**4/24 + 2*z**3/3 - 4*z**2. Let p be (-12)/20 + 6/10. Suppose 3*u + p*u - 9 = 0. Calculate d(u).
-2
Let l = -41 - -45. Suppose 1 + 23 = -l*t. Let g(m) = -m**3 - 6*m**2 - m + 3. Determine g(t).
9
Let t be (36/10)/(22/55). Let b = -12 + t. Let i(f) = 3 + 0 - 5 - f**3 - 3*f**2 + 3*f. What is i(b)?
-11
Let b(n) = -n**2 - 6*n - 5. Let i(v) = v**2 + 9*v - 5. Let j be i(0). Determine b(j).
0
Let p(m) = -3*m. Let h(d) = d. Let r(l) = -4*h(l) - p(l). Let o be r(-3). Let y(q) = 4*q - q + 6 + o*q + q**2. Calculate y(-4).
-2
Let f(q) = -q**3 + 7*q**2 + 2*q - 14. Let c(z) = -1. Let b(g) = -g**2 + 10*g - 8. Let m be b(9). Let n(x) = m*f(x) - 5*c(x). Calculate n(7).
5
Let x(v) = 4 + v + 0*v - 1 - v**2. Suppose -17*k = -13*k - 44. Suppose 0 = k*o - 41 - 14. What is x(o)?
-17
Let z(w) = 16*w + 1. Suppose 5*q = q - 12. Let d be q - -3 - (-1 - 0). What is z(d)?
17
Let r(h) = -35*h + 8 - 34*h - 30*h - 38*h + 140*h - h**2. What is r(6)?
-10
Let u(a) be the second derivative of a**5/10 + a**3/6 + a. Let q be 3/(3/2) - (-4 - 5). Let l(s) = -2*s + 21. Let h be l(q). Give u(h).
-3
Let i(s) = s**2 + 6*s - 20. Suppose -68 = 17*b + 68. Determine i(b).
-4
Let c(k) = k + 16. Let z be c(-11). Let b(r) = 7 - z + 1 - r. What is b(4)?
-1
Let k = 7 - 5. Let t(q) = -q. Let s(i) = -3*i + 3. Let b(v) = -s(v) - 4*t(v). Determine b(k).
11
Let o(q) = 5*q**2 + 2*q - 13. Let c(a) = 3*a**2 - 8. Let l(d) = -3*c(d) + 2*o(d). Give l(-8).
30
Let u(h) be the first derivative of -h**3/6 - 2*h**2 - 3*h - 10. Let g(t) be the first derivative of u(t). Determine g(-5).
1
Let j(z) = 6*z + 1. Let a(w) be the third derivative of -w**4/24 + 3*w**3/2 + 2*w**2. Let r be 2/(-3)*(-120)/8. Let v be a(r). Determine j(v).
-5
Let b(h) = 6*h + 152. Let a be b(-23). Let i(o) = -o + 13. Determine i(a).
-1
Suppose 2*p = -5*y + 26 + 6, -3*p + y = -14. Let g(b) = 5*b + p*b + 6*b - 21*b + 3. Calculate g(6).
-21
Suppose 23*k - 26*k - 2*s + 4 = 0, 2*k - 3*s = 7. Let b(h) be the first derivative of -10 + 3*h - 5/2*h**k. Determine b(2).
-7
Let b b